te k(m).
-9
Let g(w) = -3 + 5*w**2 + 5*w**2 - w + 2 + w**3 - 7. Let d be g(-10). Let q(t) = t**d - 3*t - 1 - 1 - 3*t - t. Give q(6).
-8
Suppose 9 + 11 = 5*n. Let l(m) = -8*m + 4 - 3 + m**2 + 2 + n. Let y(t) = t**3 + 5*t**2 - 7*t. Let b be y(-6). Calculate l(b).
-5
Let z(b) = 5*b**2 + 0*b**2 + 11*b - 86 + 101 - 4*b**2. Determine z(-8).
-9
Suppose 3*z - 20 = -r, 4*z - 23 = -r + 3. Let s(b) be the third derivative of b**5/60 - b**4/3 - b**3 - 3*b**2 + 223. What is s(z)?
-18
Suppose 0 = -46*h - 280 + 50. Let l(a) = -6*a - 7. Determine l(h).
23
Let v(q) = 3*q**2 - 2. Let x = 34 + -27. Let z = 9 - x. Calculate v(z).
10
Let v(u) = u**3 - 3*u**2 - 2*u - 2. Let y = -29 + 35. Let z(h) = -h**3 + 5*h**2 + 9*h - 15. Let p be z(y). Calculate v(p).
-8
Let t(j) = 2*j**2 + j + 1. Let g(x) = -x**3 + 16*x**2 + 2*x + 9. Let a(q) = -g(q) + 6*t(q). Calculate a(3).
0
Let r(w) = 1 + 79*w**2 - 26*w**2 - 51*w**2 - 4*w. What is r(2)?
1
Let d(p) = 5*p**3 - 2*p**2 - 9*p + 4. Let j(h) = 2*h**3 - h**2 - 2*h + 1. Let k(o) = -d(o) + 3*j(o). Suppose 3*x - 4*t = -0 + 10, 4*x + 4*t = 4. Give k(x).
9
Let s(t) = -t**2 - 5*t + 6. Let g be s(-6). Suppose g = q + 5. Let a(n) = -n**2 - 6*n - 7. Determine a(q).
-2
Let j(b) = b**3 - 7*b**2 + 14*b - 102. Let y be j(7). Let q(o) = -o + 3. Give q(y).
7
Let b(n) = 19*n + 2. Let d(u) = -u**2 - 10*u + 95. Let a be d(6). Determine b(a).
-17
Let a(q) = 9*q - 1. Let m be (-322)/49 - -6 - (-18)/7. Suppose m*i + 6 = -g, 4*i + g + 9 = -i. What is a(i)?
-10
Let o(u) be the second derivative of u**5/20 - u**4 - 5*u**3/3 - 5*u**2/2 - 281*u. Calculate o(13).
34
Let u(r) be the first derivative of r**3/3 - 4*r**2 - 15*r + 5. Let v be u(9). Let f(n) = n + 5. Determine f(v).
-1
Suppose -4*h - 2*d + 5 = 1, h + 17 = -5*d. Let c(o) = -1 + h*o**2 - 22*o - 1 + 20*o + 3. Let s = 5 - 3. Calculate c(s).
9
Let m(y) be the second derivative of -y**3/6 + 15*y**2/2 - y. Let b be m(8). Let r(w) = -w**3 + 7*w**2 - 5. What is r(b)?
-5
Let v(c) be the third derivative of c**6/60 + 2*c**5/15 + c**4/12 - 5*c**3/6 - 274*c**2. Determine v(-3).
7
Let j(l) = l - 8. Let o(h) = -h + 8. Let s(g) = -3*j(g) - 4*o(g). Let m = 2 + 2. Give s(m).
-4
Let j(x) be the third derivative of -x**6/60 + x**4/12 + x**3/6 - 56*x**2. Determine j(-1).
1
Let p(v) be the second derivative of v**6/360 + v**5/24 + v**4/24 + 2*v**3/3 - v. Let d(l) be the second derivative of p(l). Calculate d(-5).
1
Let k = 215 + -217. Let t(x) = x - 1. What is t(k)?
-3
Let b(r) be the first derivative of -2*r**2 + 11*r + 331. Give b(6).
-13
Let h(m) = 5*m**3 + 1. Suppose 7 + 2 = -3*y. Let l be 1 - (1 - 0/y). Suppose 2*d = -2*r - 2*r + 6, l = -4*r - d + 1. Give h(r).
-4
Let v(r) be the first derivative of 3*r**2/2 - 7*r + 555. Give v(-4).
-19
Let z(a) = a**2 + 7*a - 8. Let k(v) = 4*v**2 + 21*v - 25. Let d(m) = -2*k(m) + 7*z(m). Determine d(7).
-6
Let h(b) be the first derivative of -b**3/3 + b**2/2 + 6*b - 609. Let z be (-1)/(9/(-5) + 2). Give h(z).
-24
Let l(a) = -a**2 - 17*a - 25. Let f be l(-16). Let b(m) = m + 6. Give b(f).
-3
Suppose -9 + 59 = -25*a. Let c(q) = 4*q + 6. What is c(a)?
-2
Let c be (-5)/15*24/(-2). Suppose -3*f + 3 = -j, -4*f + 2 = -c*j + 6. Let y(n) = -n**2 + 4 + f + 2*n - 1. Determine y(4).
-3
Let f(o) = 22*o + 252. Let t be f(-11). Let x(s) = s - 16. Determine x(t).
-6
Let x(f) = -f**2 + 15*f + 48. Let q be x(18). Let p(z) = -z**2 - 10*z - 19. Calculate p(q).
5
Let z(u) = 12*u + 355. Let t be z(-29). Let w(b) = b**3 - 6*b**2 - 7*b - 1. Calculate w(t).
-1
Let w(b) = b**3 + 7*b**2 + 9*b + 5. Let k(u) = -8*u**2 - 7*u - 5. Let m = -149 + 148. Let f be k(m). Determine w(f).
-13
Suppose 6*g = 4*g - 8. Let w(d) = 6*d**3 + 9*d**2 + 6*d + 3. Let a(j) = 2*j**3 + 3*j**2 + 2*j + 1. Let q(o) = g*w(o) + 11*a(o). What is q(-2)?
7
Let v(a) be the third derivative of -a**5/15 - a**4/12 - a**3/6 - 142*a**2. Calculate v(-1).
-3
Let o(w) be the first derivative of w**3/3 - 3*w**2 - 7*w - 1. Suppose -2*z + 16 = 5*q + 35, 5 = -z - q. Let k be (z + (1 - -2)/(-6))*-2. Determine o(k).
-12
Suppose -9*w = 12*w. Let m(n) = -n**2 - n - 14. Determine m(w).
-14
Let i be 1323/648 - (1 - -1). Let p(g) be the third derivative of 2/3*g**3 + 6*g**2 + 0*g - i*g**4 + 0. Give p(4).
0
Let f(l) = 3*l**3 + 1. Suppose -5*s - 69 = 4*p, -10*p + 13*p = -5*s - 58. Suppose 0 = -2*h - 0*h - 20. Let j = p - h. Calculate f(j).
-2
Let s(a) = -17*a**2 + 28*a**3 - 17 + 5*a + 19*a**3 - 46*a**3 + 13*a. Give s(16).
15
Let l(v) = v**2 + 2*v + 1. Suppose 6*r + 14 - 38 = 0. Suppose 0 = r*o - 3*o + 3. Determine l(o).
4
Suppose -6*g + 2*g + 16 = 0. Suppose 6*r = g*r + 20. Let a(f) = -2*f - 2 + 2 - 6 + r. Determine a(5).
-6
Let l(b) = -122 + 116 + 11*b - b**2 - 5*b. What is l(6)?
-6
Suppose 4*y = 5*q - 23, -q = -2*q - 3*y + 16. Let m(a) = -3*a + 4. Calculate m(q).
-17
Let i(m) be the third derivative of -m**6/120 - 7*m**3/3 + 224*m**2. Calculate i(0).
-14
Let v(m) = 3*m**3 + 30*m**2 + 3*m + 13. Let y(r) = -2*r**3 - 16*r**2 - 2*r - 6. Let q(f) = -3*v(f) - 5*y(f). What is q(10)?
1
Let h(q) = -q - 16 + 5 + 11. Let o(m) = -m - 24. Let p be o(-28). Calculate h(p).
-4
Let n(d) be the third derivative of d**8/20160 + d**7/5040 - d**6/240 + 23*d**5/60 - 16*d**2. Let a(z) be the third derivative of n(z). Calculate a(3).
9
Suppose -d = -5*d - 52. Let a be (-52)/d - (0 + -1). Suppose -r + a = 0, -4*s = -3*r - 0 - 1. Let m(o) = o**3 - 4*o**2 - 3*o + 6. What is m(s)?
-6
Let m be (-22)/55 + (-39)/15. Let q(l) = l**3 + 5*l**2 + 2*l - 3. Determine q(m).
9
Let b(n) be the second derivative of n**3/3 - n**2/2 + n - 8. Calculate b(1).
1
Let f be 2 + 0/(15/(-3)). Let w(y) = f*y - 5*y - 1 + 5 + 4*y. Suppose 0*t - t = -2*l - 13, l + 3*t - 4 = 0. Give w(l).
-1
Let c(m) = m**2 + m. Let k(b) = -b**3 - 7*b**2 + 9*b + 9. Let o be k(-8). What is c(o)?
2
Let k(q) = -q**2 - 5*q + 1. Suppose -5*j = 77 + 63. Let f = j - -24. Give k(f).
5
Let p(w) = -w - 1. Suppose 2*h - 462 = -5*h. Suppose 71*j - h*j = 20. What is p(j)?
-5
Let p(t) be the first derivative of 1/2*t**2 + 0*t - 9/2*t**4 + 0*t**3 - 11. Give p(1).
-17
Let v = -20 + 18. Let q(j) = -j - 2. Let r(n) = -4*n - 7. Let x(c) = -14*q(c) + 4*r(c). Calculate x(v).
4
Let a(d) be the first derivative of -d**3/3 - d**2 - 3*d - 240. Give a(-1).
-2
Let z = 1163 + -1160. Let o(s) = s - 3. Give o(z).
0
Let r(m) be the second derivative of m**4/12 + 2*m**3/3 - 3*m**2/2 - 36*m - 2. Let h = 0 - -2. Suppose 4 = -h*a + 2*q - 0, 2*q = -6. Calculate r(a).
2
Suppose -3*o + 5*r = r - 3, 5*r = -4*o + 4. Let q(l) = 11*l + 9. Let c(s) = -11*s - 11. Let w(p) = 4*c(p) + 5*q(p). What is w(o)?
12
Let n = -4 - -4. Let x = -39 + 41. Let d(y) = -y**x - y - 2*y**2 + 3*y**2 + y**3 + y**2. Give d(n).
0
Let y(m) = -3*m - 2. Suppose -5*q + 113 = 138. Give y(q).
13
Let p = -7 + 9. Let t(k) = 4*k**3 - 4*k**2 - 7*k - 1. Let v(c) = -3*c**3 + 3*c**2 + 5*c + 1. Let x(j) = 5*t(j) + 7*v(j). Give x(p).
-2
Suppose -5*t + t + 3*c + 13 = 0, -11 = 4*t + 5*c. Let d(z) = -z. Let b(q) = q**3 - 3*q**2 + 2*q + 2. Let l(w) = t*b(w) + 2*d(w). What is l(4)?
18
Let g(u) = -u**3 + 7*u**2 - 5*u - 4. Let f be g(6). Let n be 7/21*f*6. Let o be n/10 + 189/(-35). Let i(w) = w**2 + 4*w - 4. Calculate i(o).
1
Let q be 2/(-7) - 1302/(-98). Let h = q - 24. Let u(t) = -t - 13. Determine u(h).
-2
Let q(p) be the second derivative of p**5/12 + p**3/6 + 5*p**2/2 + 33*p. Let s(r) be the first derivative of q(r). Determine s(1).
6
Suppose -13*z = -18*z + 90. Suppose z - 10 = 4*x. Let h(n) = n**3 - 2*n**2 - 2. Give h(x).
-2
Let s(a) be the third derivative of a**6/60 + a**5/60 + 14*a**2 - 2. What is s(-2)?
-12
Let g(q) be the third derivative of q**6/120 - q**5/12 + q**4/6 + q**3/6 - 17*q**2. Let o(p) = -p**3 + 9*p**2 + 22*p + 4. Let z be o(11). What is g(z)?
1
Let d be (-34)/10 + (-9)/15. Let z(r) be the first derivative of -r**4/4 - r**3 + 3*r**2 + 5*r - 18. Calculate z(d).
-3
Let t(c) = c - 4. Let u(a) = -a**2 + a + 27. Let n(p) = 6*t(p) + u(p). Calculate n(5).
13
Let h be (-57)/(-38)*16/(-3). Let u(y) be the third derivative of -y**6/120 - 3*y**5/20 - 7*y**4/24 + 3*y**3/2 + y**2. Give u(h).
1
Let g(m) = 18*m + 13. Let w be g(-1). Let v(k) = k**3 + 6*k**2 + 5*k - 3. What is v(w)?
-3
Suppose 3*r - 9 = 3*o, -4*r + o = 6*o - 3. Let c be 160/70 + (-1 - (-15)/21). Let h(k) = -1 + 5*k**c - 3*k**3 + r*k + 4